{"id":44,"date":"2021-03-01T11:35:01","date_gmt":"2021-03-01T11:35:01","guid":{"rendered":"https:\/\/assertivo.fi\/?page_id=44"},"modified":"2024-10-31T15:47:36","modified_gmt":"2024-10-31T15:47:36","slug":"koulutus-ja-muut-palvelut","status":"publish","type":"page","link":"https:\/\/assertivo.fi\/?page_id=44","title":{"rendered":"Koulutus ja muut palvelut"},"content":{"rendered":"<p class=\"p1\">Assertivon tarjoamat koulutukset liittyv\u00e4t esimiesty\u00f6h\u00f6n ja johtamiseen, ty\u00f6hyvinvointiin, ty\u00f6yhteis\u00f6n toimintaan, myyntity\u00f6h\u00f6n, yritystoiminnan kehitt\u00e4miseen ja itsens\u00e4 johtamiseen.<\/p>\n<p class=\"p1\">Olen toiminut koulutusp\u00e4\u00e4llikk\u00f6n\u00e4 Kotipizza-ketjussa yli 12 vuotta ja johtamisen ryhmien vastuullisena kouluttajana 10 vuotta erikoisammattitutkinnoissa. Asiakkaani ovat tulleet ty\u00f6el\u00e4m\u00e4n eri sektoreilta monipuolisesti: mikro- ja pk-yritykset, teollisuus, kauppa, palvelu, kuntasektori, seurakunta, yhdistykset ja ovat olleet taustoiltaan peruskoulupohjan osaajasta tohtoreihin.<\/p>\n<p class=\"p1\">Esimerkkej\u00e4 tarjottavista koulutuksista:<\/p>\n<p class=\"p1\">Erilaiset ihmiset ty\u00f6yhteis\u00f6ss\u00e4<\/p>\n<p class=\"p1\">Ratkaisukeskeinen ty\u00f6yhteis\u00f6<\/p>\n<p class=\"p1\">Ty\u00f6yhteis\u00f6taidot<\/p>\n<p class=\"p1\">Hyv\u00e4 l\u00e4hiesimiesty\u00f6<\/p>\n<p class=\"p1\">Tiimin vet\u00e4j\u00e4n perustaidot<\/p>\n<p class=\"p1\">Aika hallintaan<\/p>\n<p class=\"p1\">Sinisen meren strategia<\/p>\n<p class=\"p1\">Liiketoimintasuunnitelman laadinta<\/p>\n<p class=\"p1\">Yritt\u00e4jyyden perusteet ja yrityksen perustaminen<\/p>\n<p class=\"p1\">Henkil\u00f6kohtainen myyntity\u00f6<\/p>\n<p class=\"p1\">Henkil\u00f6kohtainen asiakaspalvelu<\/p>\n<p class=\"p1\">NY 24h -yritt\u00e4jyysleiri<\/p>\n<p class=\"p1\">Koulutukset rakennan siten, ett\u00e4 niiss\u00e4 k\u00e4sitell\u00e4\u00e4n teoriaa sopivan k\u00e4yt\u00e4nn\u00f6nl\u00e4heisesti kannustaen jatkopohdintaan ja oivalluksiin. Tavoitteena koulutuksissa ovat k\u00e4yt\u00e4nt\u00f6\u00f6n soveltaminen, uudet ideat ja tiedot ja mielekk\u00e4\u00e4t harjoitukset ja teht\u00e4v\u00e4t.<\/p>\n<p class=\"p1\">Koulutuksen kestot voivat olla yhdest\u00e4 tunnista koko p\u00e4iv\u00e4\u00e4n. Hinta m\u00e4\u00e4r\u00e4ytyy keston, toteutuksen ja sis\u00e4ll\u00f6n mukaan 200-1.000\u20ac \/ kerta (+ alv 25,5 % ja mahdolliset matkakulut). Toteutus voi olla my\u00f6s et\u00e4n\u00e4.<\/p>\n<p class=\"p1\">Koulutusten lis\u00e4ksi teen my\u00f6s mysteryshopping-arviointik\u00e4yntej\u00e4 sek\u00e4 ty\u00f6yhteis\u00f6kyselyj\u00e4.<\/p>\n<p class=\"p1\">Asiakaspalautteita:<\/p>\n<p class=\"p2\"><i>\u201dHeli pystyy avaamaan asiat, niin ett\u00e4 ne ymm\u00e4rt\u00e4\u00e4.\u201d<\/i><\/p>\n<p class=\"p2\"><i>\u201d Selke\u00e4sti tuotiin asia esiin. Meill\u00e4 on ollut ihan huippuryhm\u00e4, jossa on ollut tosi hyvi\u00e4 keskusteluja.\u201d<\/i><\/p>\n<p class=\"p2\"><i>\u201dKouluttaja oli tiukasti l\u00e4sn\u00e4 koko p\u00e4iv\u00e4n ja piti koko ryhm\u00e4n hereill\u00e4 ja mukana koulutuksessa.\u201d <\/i><\/p>\n<p class=\"p2\"><i>\u201dAmmattilainen.\u201d<\/i><\/p>\n<p><img loading=\"lazy\" decoding=\"async\" class=\"alignnone size-medium wp-image-141\" src=\"https:\/\/assertivo.fi\/wp-content\/uploads\/2021\/02\/lehdet-600X600-300x300.jpg\" alt=\"\" width=\"300\" height=\"300\" srcset=\"https:\/\/assertivo.fi\/wp-content\/uploads\/2021\/02\/lehdet-600X600-300x300.jpg 300w, https:\/\/assertivo.fi\/wp-content\/uploads\/2021\/02\/lehdet-600X600-150x150.jpg 150w, https:\/\/assertivo.fi\/wp-content\/uploads\/2021\/02\/lehdet-600X600-435x435.jpg 435w, https:\/\/assertivo.fi\/wp-content\/uploads\/2021\/02\/lehdet-600X600-60x60.jpg 60w, https:\/\/assertivo.fi\/wp-content\/uploads\/2021\/02\/lehdet-600X600.jpg 600w\" sizes=\"auto, (max-width: 300px) 100vw, 300px\" \/> <img loading=\"lazy\" decoding=\"async\" class=\"alignnone size-medium wp-image-142\" src=\"https:\/\/assertivo.fi\/wp-content\/uploads\/2021\/02\/menestyksen-portaat-600X600-300x300.jpg\" alt=\"\" width=\"300\" height=\"300\" srcset=\"https:\/\/assertivo.fi\/wp-content\/uploads\/2021\/02\/menestyksen-portaat-600X600-300x300.jpg 300w, https:\/\/assertivo.fi\/wp-content\/uploads\/2021\/02\/menestyksen-portaat-600X600-150x150.jpg 150w, https:\/\/assertivo.fi\/wp-content\/uploads\/2021\/02\/menestyksen-portaat-600X600-435x435.jpg 435w, https:\/\/assertivo.fi\/wp-content\/uploads\/2021\/02\/menestyksen-portaat-600X600-60x60.jpg 60w, https:\/\/assertivo.fi\/wp-content\/uploads\/2021\/02\/menestyksen-portaat-600X600.jpg 600w\" sizes=\"auto, (max-width: 300px) 100vw, 300px\" \/> <img loading=\"lazy\" decoding=\"async\" class=\"alignnone size-medium wp-image-143\" src=\"https:\/\/assertivo.fi\/wp-content\/uploads\/2021\/02\/puita_ylo\u0308s-600X600-300x300.jpg\" alt=\"\" width=\"300\" height=\"300\" srcset=\"https:\/\/assertivo.fi\/wp-content\/uploads\/2021\/02\/puita_ylo\u0308s-600X600-300x300.jpg 300w, https:\/\/assertivo.fi\/wp-content\/uploads\/2021\/02\/puita_ylo\u0308s-600X600-150x150.jpg 150w, https:\/\/assertivo.fi\/wp-content\/uploads\/2021\/02\/puita_ylo\u0308s-600X600-435x435.jpg 435w, https:\/\/assertivo.fi\/wp-content\/uploads\/2021\/02\/puita_ylo\u0308s-600X600-60x60.jpg 60w, https:\/\/assertivo.fi\/wp-content\/uploads\/2021\/02\/puita_ylo\u0308s-600X600.jpg 600w\" sizes=\"auto, (max-width: 300px) 100vw, 300px\" \/><\/p>\n","protected":false},"excerpt":{"rendered":"<p>Assertivon tarjoamat koulutukset liittyv\u00e4t esimiesty\u00f6h\u00f6n ja johtamiseen, ty\u00f6hyvinvointiin, ty\u00f6yhteis\u00f6n toimintaan, myyntity\u00f6h\u00f6n, yritystoiminnan kehitt\u00e4miseen ja itsens\u00e4 johtamiseen. Olen toiminut koulutusp\u00e4\u00e4llikk\u00f6n\u00e4 Kotipizza-ketjussa yli 12 vuotta ja johtamisen ryhmien vastuullisena kouluttajana 10 vuotta erikoisammattitutkinnoissa. Asiakkaani ovat tulleet ty\u00f6el\u00e4m\u00e4n eri sektoreilta monipuolisesti: mikro- ja pk-yritykset, teollisuus, kauppa, palvelu, kuntasektori, seurakunta, yhdistykset ja ovat olleet taustoiltaan peruskoulupohjan osaajasta tohtoreihin. Esimerkkej\u00e4 &hellip; <\/p>\n","protected":false},"author":1,"featured_media":0,"parent":0,"menu_order":0,"comment_status":"closed","ping_status":"closed","template":"","meta":{"footnotes":""},"class_list":["post-44","page","type-page","status-publish","hentry"],"_links":{"self":[{"href":"https:\/\/assertivo.fi\/index.php?rest_route=\/wp\/v2\/pages\/44","targetHints":{"allow":["GET"]}}],"collection":[{"href":"https:\/\/assertivo.fi\/index.php?rest_route=\/wp\/v2\/pages"}],"about":[{"href":"https:\/\/assertivo.fi\/index.php?rest_route=\/wp\/v2\/types\/page"}],"author":[{"embeddable":true,"href":"https:\/\/assertivo.fi\/index.php?rest_route=\/wp\/v2\/users\/1"}],"replies":[{"embeddable":true,"href":"https:\/\/assertivo.fi\/index.php?rest_route=%2Fwp%2Fv2%2Fcomments&post=44"}],"version-history":[{"count":6,"href":"https:\/\/assertivo.fi\/index.php?rest_route=\/wp\/v2\/pages\/44\/revisions"}],"predecessor-version":[{"id":274,"href":"https:\/\/assertivo.fi\/index.php?rest_route=\/wp\/v2\/pages\/44\/revisions\/274"}],"wp:attachment":[{"href":"https:\/\/assertivo.fi\/index.php?rest_route=%2Fwp%2Fv2%2Fmedia&parent=44"}],"curies":[{"name":"wp","href":"https:\/\/api.w.org\/{rel}","templated":true}]}}