{"id":167,"date":"2021-03-01T11:34:41","date_gmt":"2021-03-01T11:34:41","guid":{"rendered":"https:\/\/assertivo.fi\/?page_id=167"},"modified":"2024-11-06T19:59:14","modified_gmt":"2024-11-06T19:59:14","slug":"cv","status":"publish","type":"page","link":"https:\/\/assertivo.fi\/?page_id=167","title":{"rendered":"CV"},"content":{"rendered":"<p class=\"p1\"><b>Heli Pironetin CV<\/b><\/p>\n<p class=\"p2\">Olen kokenut ty\u00f6nohjaaja, coach ja kouluttaja. Vahvuusalueitani ovat ty\u00f6hyvinvointi, franchisingtoiminta, yritysten ja henkil\u00f6st\u00f6n kehitt\u00e4minen ja esimiesty\u00f6. Asiakkaiden onnistuminen ja hyv\u00e4t tulokset ohjaavat ty\u00f6t\u00e4ni. Intiaaninimeni voisi olla Kypsytt\u00e4j\u00e4.<\/p>\n<p class=\"p1\"><b>Ty\u00f6historia<\/b><\/p>\n<p class=\"p3\">Kotipizza-ketju, koulutusp\u00e4\u00e4llikk\u00f6, 1.1.1997-31.5.2009:<\/p>\n<p class=\"p3\">Vastasin Kotipizza opiston koulutuskokonaisuuden kehitt\u00e4misest\u00e4 ja yll\u00e4pit\u00e4misest\u00e4. Ty\u00f6 piti sis\u00e4ll\u00e4\u00e4n uusien yritt\u00e4jien koulutukset, kokeneiden yritt\u00e4jien johtamisohjelmat ja henkil\u00f6st\u00f6n koulutukset. Ty\u00f6h\u00f6ni kuului monipuolisia henkil\u00f6st\u00f6n ja ketjun kehitt\u00e4misteht\u00e4vi\u00e4 kuten yritt\u00e4jyys- ja ty\u00f6tyytyv\u00e4isyyskyselyt, k\u00e4sikirjat ja oppaat.<\/p>\n<p class=\"p3\">O &amp; E Pironetti Oy, ajoj\u00e4rjestelij\u00e4, 8.6.2009-3.8.2010:<\/p>\n<p class=\"p3\">Perheyrityksen ajoj\u00e4rjestelij\u00e4n\u00e4 hoidin kuljetuspalveluiden organisointia, hinnoittelua ja myynti\u00e4 sek\u00e4 asiakassuhteita.<\/p>\n<p class=\"p3\">Yl\u00e4-Savon ammattiopisto, johtamisen erikoisammattitutkinnon vastuuopettaja, 18.1.2010-31.12.2019:<\/p>\n<p class=\"p3\">Johdin 11 johtamisohjelmaa. Koulutin monipuolisesti johtamisesta ja yritt\u00e4jyydest\u00e4 niin eri tutkinnoissa kuin r\u00e4\u00e4t\u00e4l\u00f6idyiss\u00e4 toteutuksissa eri ty\u00f6yhteis\u00f6iss\u00e4. Insights-koulutukset olivat iso osa ty\u00f6t\u00e4ni samoin kuin ty\u00f6nohjaukset. Kansainv\u00e4listen asioiden koordinaattorina tein hankety\u00f6t\u00e4 ja koordinoin ulkomaan vaihtoja.<\/p>\n<p class=\"p3\">Assertivo, yritt\u00e4j\u00e4, 23.8.2010 jatkuen edelleen:<\/p>\n<p class=\"p3\">Toteutan ty\u00f6nohjauksia, coachausta ja koulutuksia osa-aikaisena yritt\u00e4j\u00e4n\u00e4 ty\u00f6yhteis\u00f6ille ja yksil\u00f6ille.<\/p>\n<p class=\"v1gmail-p3\">Iisalmen kaupunki, yritysasiantuntija, 1.1.2020 &#8211; 14.8.2022<\/p>\n<p class=\"v1gmail-p3\">Opastin uusia yritt\u00e4ji\u00e4 yrityksen perustamisen k\u00e4yt\u00e4nn\u00f6n asioissa ja liikeidean muovaamisessa. Autoin kokeneita yrityksi\u00e4 koko yrityksen elinkaaren vaiheissa mm. tukihakemusten kanssa ja yritystoiminnan muutostilanteissa. Toimin my\u00f6s yksik\u00f6n erilaisissa kehitt\u00e4misprojekteissa.<\/p>\n<p class=\"v1gmail-p3\">Normet Group Oy 15.8.2022 jatkuen edelleen<\/p>\n<p class=\"v1gmail-p3\">Ty\u00f6teht\u00e4viini kuuluvat monipuolisesti ty\u00f6hyvinvointiin, ty\u00f6terveyteen ja esihenkil\u00f6ty\u00f6n\u00a0tukemiseen liittyv\u00e4t p\u00e4ivitt\u00e4iset\u00a0 teht\u00e4v\u00e4t ja kehitt\u00e4mishankkeet. Ty\u00f6 pit\u00e4\u00e4 sis\u00e4ll\u00e4\u00e4n my\u00f6s koulutusta, fasilitointia ja ty\u00f6nohjausta. Ty\u00f6kielen\u00e4 ovat suomi ja englanti.<\/p>\n<p class=\"p3\"><b>Koulutus<\/b><\/p>\n<p class=\"p3\">Ekonomi, Vaasan yliopisto 29.4.1994<\/p>\n<p class=\"p3\">Postgraduate Certificate, Groupe Ecole Sup\u00e9rieure de Commerce de Rennes, 13.3.1995<\/p>\n<p class=\"p3\">Yritt\u00e4j\u00e4n erikoisammattitutkinto, Rastor Oy, 9.11.2006<\/p>\n<p class=\"p3\">Johtamisen erikoisammattitutkino, Haaga-Perho, 25.2.2009<\/p>\n<p class=\"p3\">Opettajan koulutus, Jyv\u00e4skyl\u00e4n ammattikorkeakoulu, 28.11.2011<\/p>\n<p class=\"p3\">Ty\u00f6nohjaaja, Yl\u00e4-Savon ammattiopisto, 5.6.2014<\/p>\n<p class=\"p3\">Basic coach training, Coach Companion 16.3.2017<\/p>\n<p class=\"p1\"><b>Kielitaito:<\/b><\/p>\n<p class=\"p3\">englanti: hyv\u00e4, ruotsi: tyydytt\u00e4v\u00e4, ranska: tyydytt\u00e4v\u00e4, saksa: tyydytt\u00e4v\u00e4<\/p>\n<p class=\"p1\"><b>Harrastukset:<\/b><\/p>\n<p class=\"p3\">Harrastan mielell\u00e4\u00e4n monipuolisesti liikuntaa. Lenkkeilen, hiihd\u00e4n, patikoin, k\u00e4yn salilla, paritanssitunnilla ja tanssillisessa voimistelussa. Lukeminen on my\u00f6s mieluisa ajanviete. Olen Iisalmen Naisten s\u00e4\u00e4ti\u00f6n hallituksessa ja kuulun Zonta-naisiin ja yritt\u00e4j\u00e4naisiin.<\/p>\n","protected":false},"excerpt":{"rendered":"<p>Heli Pironetin CV Olen kokenut ty\u00f6nohjaaja, coach ja kouluttaja. Vahvuusalueitani ovat ty\u00f6hyvinvointi, franchisingtoiminta, yritysten ja henkil\u00f6st\u00f6n kehitt\u00e4minen ja esimiesty\u00f6. Asiakkaiden onnistuminen ja hyv\u00e4t tulokset ohjaavat ty\u00f6t\u00e4ni. Intiaaninimeni voisi olla Kypsytt\u00e4j\u00e4. Ty\u00f6historia Kotipizza-ketju, koulutusp\u00e4\u00e4llikk\u00f6, 1.1.1997-31.5.2009: Vastasin Kotipizza opiston koulutuskokonaisuuden kehitt\u00e4misest\u00e4 ja yll\u00e4pit\u00e4misest\u00e4. Ty\u00f6 piti sis\u00e4ll\u00e4\u00e4n uusien yritt\u00e4jien koulutukset, kokeneiden yritt\u00e4jien johtamisohjelmat ja henkil\u00f6st\u00f6n koulutukset. Ty\u00f6h\u00f6ni kuului &hellip; <\/p>\n","protected":false},"author":1,"featured_media":0,"parent":0,"menu_order":0,"comment_status":"closed","ping_status":"closed","template":"","meta":{"footnotes":""},"class_list":["post-167","page","type-page","status-publish","hentry"],"_links":{"self":[{"href":"https:\/\/assertivo.fi\/index.php?rest_route=\/wp\/v2\/pages\/167","targetHints":{"allow":["GET"]}}],"collection":[{"href":"https:\/\/assertivo.fi\/index.php?rest_route=\/wp\/v2\/pages"}],"about":[{"href":"https:\/\/assertivo.fi\/index.php?rest_route=\/wp\/v2\/types\/page"}],"author":[{"embeddable":true,"href":"https:\/\/assertivo.fi\/index.php?rest_route=\/wp\/v2\/users\/1"}],"replies":[{"embeddable":true,"href":"https:\/\/assertivo.fi\/index.php?rest_route=%2Fwp%2Fv2%2Fcomments&post=167"}],"version-history":[{"count":5,"href":"https:\/\/assertivo.fi\/index.php?rest_route=\/wp\/v2\/pages\/167\/revisions"}],"predecessor-version":[{"id":287,"href":"https:\/\/assertivo.fi\/index.php?rest_route=\/wp\/v2\/pages\/167\/revisions\/287"}],"wp:attachment":[{"href":"https:\/\/assertivo.fi\/index.php?rest_route=%2Fwp%2Fv2%2Fmedia&parent=167"}],"curies":[{"name":"wp","href":"https:\/\/api.w.org\/{rel}","templated":true}]}}